 base 12.
44
Convert 775 (base 11) to base 14.
4a5
cb84 (base 14) to base 7
204424
What is b6a (base 13) in base 15?
89c
Convert 715 (base 13) to base 5.
14301
2a2 (base 15) to base 9
738
Convert -323323 (base 4) to base 10.
-3835
-d (base 14) to base 8
-15
527 (base 10) to base 12
37b
What is -221032 (base 4) in base 11?
-1a89
Convert -76227 (base 8) to base 6.
-403355
What is -111100111001111 (base 2) in base 3?
-1120202221
-1010010011111 (base 2) to base 3
-21020112
312323 (base 4) to base 6
24135
What is -9176 (base 16) in base 7?
-213365
221004 (base 5) to base 8
16715
Convert -5725 (base 12) to base 15.
-2d02
Convert 1322 (base 8) to base 14.
398
Convert 4300 (base 5) to base 14.
2d1
-1001010001101 (base 2) to base 11
-3628
-106 (base 13) to base 9
-214
Convert 6594 (base 10) to base 5.
202334
What is -1110002 (base 3) in base 12?
-73b
-1639d (base 14) to base 12
-2821b
Convert -19b (base 13) to base 6.
-1213
What is 11022212 (base 4) in base 15?
6408
What is 40443 (base 5) in base 13?
126a
-33012 (base 4) to base 11
-7a9
Convert -5e1 (base 16) to base 10.
-1505
Convert -791 (base 13) to base 16.
-515
Convert -264654 (base 7) to base 2.
-1100001000111101
What is -1025 (base 7) in base 14?
-1bc
Convert 2310 (base 10) to base 8.
4406
Convert -903 (base 16) to base 9.
-3143
What is 64338 (base 9) in base 8?
123100
Convert 156 (base 7) to base 2.
1011010
-2964 (base 16) to base 5
-314341
Convert 418 (base 15) to base 8.
1633
What is -1ac (base 13) in base 2?
-100110111
What is ac4 (base 13) in base 9?
2475
Convert 13370 (base 10) to base 9.
20305
What is a23b (base 13) in base 7?
122120
-9731 (base 10) to base 6
-113015
Convert 111011111 (base 2) to base 4.
13133
-112242 (base 5) to base 15
-1317
20122213 (base 4) to base 12
17b47
Convert -647 (base 13) to base 2.
-10000110001
What is 1131 (base 5) in base 14?
bc
Convert -82a5 (base 14) to base 2.
-101011111011001
What is -2101202 (base 4) in base 9?
-13688
What is -315 (base 13) in base 15?
-250
-314151 (base 6) to base 12
-12957
Convert -10102201 (base 3) to base 16.
-9c7
What is 246 (base 10) in base 9?
303
-704 (base 8) to base 15
-202
What is -1598c (base 14) in base 11?
-37653
What is -6a1 (base 13) in base 11?
-951
Convert -12556 (base 7) to base 9.
-4557
What is -8a0 (base 12) in base 15?
-59c
Convert 363 (base 15) to base 11.
639
Convert 1127 (base 8) to base 14.
30b
What is 326066 (base 7) in base 11?
3a088
What is 2141 (base 7) in base 8?
1374
-6714 (base 9) to base 10
-4954
Convert b5b (base 13) to base 3.
2122200
139 (base 10) to base 16
8b
10110000000 (base 2) to base 7
4051
What is -4a2 (base 16) in base 8?
-2242
267 (base 8) to base 4
2313
-101110 (base 2) to base 15
-31
-110010101 (base 2) to base 12
-299
What is 1771 (base 8) in base 16?
3f9
What is 12321102 (base 4) in base 13?
cb16
5db (base 14) to base 12
819
-3488 (base 10) to base 16
-da0
-211211 (base 3) to base 11
-510
-105c8 (base 14) to base 11
-27805
Convert -133101 (base 4) to base 13.
-bac
Convert 1641 (base 7) to base 2.
1010011010
What is -76b8 (base 12) in base 13?
-5c69
What is -2348 (base 12) in base 2?
-111101101000
What is -1071 (base 13) in base 15?
-a29
What is d15 (base 15) in base 16?
b81
What is -2013 (base 14) in base 5?
-134010
-111111100100 (base 2) to base 7
-14601
-2020 (base 6) to base 4
-12330
What is -3178 (base 10) in base 14?
-1230
What is -302 (base 11) in base 10?
-365
Convert 321 (base 4) to base 7.
111
1144431 (base 5) to base 12
107a2
What is -6c1 (base 16) in base 11?
-1332
Convert 2210 (base 3) to base 12.
63
-1112 (base 9) to base 6
-3445
What is -202102202 (base 3) in base 11?
-10213
What is -1a (base 16) in base 4?
-122
-9b (base 16) to base 5
-1110
Convert -44100 (base 5) to base 11.
-2300
22020 (base 3) to base 8
336
31344 (base 11) to base 2
1011001001100001
4022 (base 5) to base 6
2212
What is -130113 (base 7) in base 3?
-1020000110
12228 (base 10) to base 13
5748
Convert -a21 (base 16) to base 9.
-3501
Convert 14040 (base 6) to base 2.
100010001000
What is 13324 (base 5) in base 9?
1440
Convert -3201 (base 4) to base 10.
-225
Convert -7ebc (base 15) to base 3.
-1100222020
Convert -220 (base 14) to base 13.
-264
Convert 145027 (base 8) to base 4.
30220113
What is 199c9 (base 13) in base 12?
24b44
Convert 265 (base 7) to base 6.
401
What is 4466 (base 8) in base 5?
33413
Convert -1034320 (base 5) to base 10.
-18085
Convert -23232 (base 7) to base 14.
-2252
Convert -456 (base 9) to base 14.
-1cb
Convert -21c (base 14) to base 5.
-3133
What is -121 (base 13) in base 15?
-d1
Convert 22233 (base 5) to base 2.
11000100000
Convert -26422 (base 11) to base 5.
-2202101
Convert 3760 (base 10) to base 12.
2214
Convert -2210 (base 13) to base 3.
-20111202
Convert 134 (base 16) to base 6.
1232
31305 (base 11) to base 15
d7b7
502 (base 9) to base 6
1515
Convert -25112 (base 6) to base 2.
-111010000100
-101001111101001 (base 2) to base 7
-116425
-31636 (base 8) to base 12
-7792
-a8ab (base 13) to base 14
-879d
-121 (base 6) to base 3
-1211
-586 (base 11) to base 10
-699
What is 1044 (base 7) in base 4?
11313
What is 7b49 (base 12) in base 3?
200211210
-3132212 (base 4) to base 6
-145542
-1008 (base 15) to base 8
-6467
Convert 84a7 (base 11) to base 16.
2bf1
Convert 11011 (base 4) to base 7.
643
Convert -1406 (base 10) to base 7.
-4046
What is 11012 (base 3) in base 7?
221
a31 (base 15) to base 13
1078
121202 (base 3) to base 16
1c4
10102123 (base 4) to base 16
449b
2452 (base 15) to base 14
2b5d
-239 (base 11) to base 6
-1152
-4263 (base 8) to base 16
-8b3
12021212 (base 3) to base 11
2997
What is 3210003 (base 4) in base 14?
5467
Convert 121100100 (base 3) to base 6.
131100
What is -204 (base 10) in base 7?
-411
What is 1616 (base 12) in base 11?
1a63
Convert 1514 (base 7) to base 12.
41b
Convert 2491 (base 13) to base 15.
180d
300032 (base 5) to base 2
10010010110000
What is -1ac2 (base 16) in base 9?
-10351
What is -15cd (base 15) in base 10?
-4693
What is 53322 (base 6) in base 8?
16122
Convert -1177 (base 10) to base 5.
-14202
Convert 39 (base 16) to base 13.
45
Convert 1000110 (base 2) to base 7.
130
Convert 3731 (base 8) to base 3.
2202102
What is 2cf (base 16) in base 8?
1317
What is 35451 (base 6) in base 12?
2b87
Convert -1654 (base 10) to base 13.
-9a3
Convert -1098 (base 16) to base 5.
-113443
-3939 (base 12) to base 7
-25011
Convert 21113223 (base 4) to base 7.
216615
910 (base 12) to base 4
110130
22131003 (base 4) to base 14
11867
Convert -15205 (base 7) to base 2.
-1000001111011
What is -34210 (base 9) in base 14?
-8426
Convert 56220 (base 9) to base 15.
b109
4081 (base 10) to base 9
5534
What is 6237 (base 11) in base 15?
26b3
Convert 15795 (base 10) to base 13.
7260
Convert -24410 (base 5) to base 16.
-73f
Convert 1011131 (base 5) to base 10.
16416
18303 (base 9) to base 4
3011133
What is 1374 (base 9) in base 13?
61c
Convert 223324 (base 7) to base 8.
115272
What is 1020222012 (base 3) in base 10?
24764
Convert -603 (base 8) to base 7.
-1062
de (base 15) to base 11
180
What is 4275 (base 9) in base 7?
12113
Convert 13228 (base 9) to base 16.
22e8
-14d (base 16) to base 11
-283
What is 9816 (base 11) in base 6?
140004
3d6 (base 14) to base 9
1052
-1638 (base 10) to base 7
-4530
What is 3321221 (base 5) in base 8?
160526
What is -3124014 (base 5) in base 3?
-2122000000
What is 8b8f (base 16) in base 4?
20232033
What is c9bc (base 14) in base 16?
882a
Convert -6261 (base 7) to base 14.
-b31
What is 6324 (base 11) in base 3?
102111012
What is -1101001010100100 (base 2) in base 15?
-10e9e
What is 2635 (base 8) in base 6?
10353
Convert -3b93 (base 12) to base 13.
-3192
Convert 15352 (base 7) to base 15.
141a
What is 2452 (base 10) in base 13?
1168
Convert -2121220 (base 3) to base 8.
-3572
-21025 (base 6) to base 10
-2825
20101001 (base 3) to base 10
4645
Convert -1332240 (base 5) to base 9.
-41266
Convert -162630 (base 7) to base 15.
-9829
Convert 46 (base 8) to base 9.
42
Convert -8335 (base 12) to base 7.
-56453
10156 (base 9) to base 11
5035
1500 (base 6) to base 14
204
What is -3425 (base 6) in base 9?
-1088
Convert 512 (base 7) to base 6.
1102
Convert -31031 (base 4) to base 9.
-1138
Convert 1206 (base 11) to base 16.
62b
Convert -257 (base 13) to base 14.
-214
101110